 (-4 + (8 - 11)).
-8
What is 8 - (1 - ((0 - -2) + (51 - 47)))?
13
What is -2 + (10 - 12) + 5?
1
What is -30 - (30 + -70 + 35)?
-25
Evaluate -4 + 7 + ((-1 - 0) + 1 - 7).
-4
Calculate (166 + -156 - (-1 - -42)) + 13.
-18
Evaluate 5 + (-1 - -2) + (-13 - -7).
0
Calculate 0 + -18 + -3 + 12 - -16.
7
Calculate -2 - (11 + -6 + -6) - (-5 - -4).
0
Calculate -14 - (1 - -4 - (55 + -41)).
-5
(4 - 1) + 10 + (4 - 5)
12
What is -3 + (4 - (2 + -2 - -2)) - 5?
-6
What is -1 - (13 + 2 + -52 - -17)?
19
-3 - (-8 - (2 - 0) - -8)
-1
What is the value of 7 + 19 + 3 + -15 + 4 + -2?
16
What is (26 - 22) + 6 + 4 + 5 + 0?
19
Calculate 14 + (-3 + -1 + 3 + 3 - 8).
8
What is -3 + 5 + 14 + -18?
-2
(-5 + -21 - 36) + 41
-21
What is the value of (6 - -1) + -14 + (5 - (1 - -5))?
-8
What is the value of 27 - (27 + -38 + 59)?
-21
-2 + 1 - (18 + (6 - 35))
10
What is 44 + (-25 + 31 + -5 - (7 - -2))?
36
What is the value of 12 + (1 - 3 - 2) + 1 + 0?
9
What is the value of -5 + 15 + -3 - ((-1 - 0) + 3)?
5
What is the value of -11 - (-17 - (-10 + 19))?
15
Evaluate 25 + -43 + 24 - (0 + -7).
13
Evaluate -8 + 16 + -1 - (-2 + (14 - -7)).
-12
2 - -2 - (0 - 1 - 12)
17
What is the value of (-7 - 1) + -15 + 1 + 11 + 6?
-5
Evaluate 1 - (-2 + (-1 - -13 - 4)).
-5
Evaluate 9 + -5 + -2 + -2 - 5.
-5
Evaluate -12 + 4 - (-30 - -13).
9
Calculate 16 + -5 + -24 + 1.
-12
What is 5 - (10 + (-13 - -6) + 0 + -6)?
8
5 + (-16 + 16 - -2)
7
What is 8 - 1 - (0 - (19 - 16))?
10
Calculate -51 + 63 + (-23 - (-1 - 0)).
-10
Calculate 55 + 7 + 38 + -76.
24
Evaluate (-70 - -76) + (1 - 10).
-3
11 + (-17 - -10) - (21 + -19)
2
What is the value of -11 + (-3 - -2 - (-3 + (-12 - -19)))?
-16
Calculate 7 + 2 + (-45 - (-56 + 41)).
-21
What is the value of (-207 - -199) + (2 - 1)?
-7
What is the value of -24 - 1 - (834 - 865)?
6
-1 + 8 + (12 - (-5 + 10)) - 7
7
What is the value of (8 + 1 - (-4 - -13) - -7) + -7?
0
Calculate 40 + (-3 - -2) + -6 + (-57 - -61).
37
What is 8 + (13 + -16 + 18 - (10 - 0))?
13
What is the value of 91 - 132 - (4 - 26)?
-19
Evaluate 16 + -9 - ((-9 - -1) + 14).
1
Calculate -6 + -1 - -13 - 18.
-12
12 + (-1 - -1) - -8 - -3
23
Calculate -197 - -205 - (0 + 1 - -5).
2
What is the value of -1 - (0 - 0) - (-1220 + 1216)?
3
What is -4 + (23 + -62 - -18)?
-25
What is the value of 10 + 11 + -22 + 7 + -5?
1
Evaluate (2 + 5 - 0) + 10 + (-10 - -6).
13
Calculate (1 - 3) + (6 - -1 - (-57 + 69)).
-7
What is -24 + -6 + 27 + -7?
-10
Evaluate (192 - 176) + (0 - 11).
5
Evaluate 17 + (-17 - -12 - 29).
-17
What is the value of (5 - (3 + 1)) + (1 - 0)?
2
-57 + 63 + -20 + 1 + 7 + 0
-6
-3 + 6 + (-6 - 0)
-3
What is (1 + 0 - -4) + (35 - 33)?
7
Calculate 6 - (-6 + (6 + 5 - 3)).
4
-9 - (-6 + 7 + (-12 - -7)) - -7
2
Evaluate 0 + (2 - 0) + 568 + -576.
-6
Calculate -24 + (-7 - (26 - 39)).
-18
Calculate 31 + -48 + (8 - -11).
2
Calculate (15 - 10) + 7 + -5 - -3.
10
What is -18 - 1 - (-4 + 4) - -2?
-17
What is the value of (46 - 72) + (19 - -9)?
2
Calculate 4 + (1 - 4) + 17.
18
What is 0 - -21 - (-647 + 653)?
15
Calculate (20 - (27 - 2)) + -2 + -1.
-8
What is -10 + (-11 - -30) + -4?
5
What is -19 - (-11 - (-13 - (-13 - 4)))?
-4
What is the value of -21 + (-10 - 7) + 23?
-15
What is -1 + 0 + (10 - (-4 - (0 + -4)))?
9
What is the value of (3 + 9 - (44 - 6)) + 12 + -1?
-15
Calculate 0 + -2 - (-6 + -8 - -26 - 4).
-10
41 + -38 + -12 + -4
-13
Calculate 1 - -2 - (-3 + -9).
15
Evaluate -33 + 33 - (3 - 4 - 5).
6
What is -3 + -18 + ((-4 - -6) + -1 - 1)?
-21
What is the value of -163 + 146 - ((3 - 11) + 0)?
-9
Evaluate 7 + (18 - 52) - -53.
26
What is the value of (-10 - (-5 - (5 - (-2 - -8)))) + 3?
-3
Calculate (-1 - (-38 + 47)) + 16.
6
What is (4 - 21 - 4) + 8?
-13
What is 133 + -137 - (-1 - (5 - -1))?
3
What is (50 - 41) + -22 + (-1 - -2)?
-12
What is the value of -2 - (1 + (-40 - -44) + -3 + 2)?
-6
-30 + -8 - (-38 - -17)
-17
What is -2 - (4 + -2 + -1 + -3) - 0?
0
-7 - -3 - (-1 + 0 + 5) - 3
-11
0 - (0 - -16) - (-1132 + 1129)
-13
Evaluate 1 + (-3 + 2 - 1) - (-181 + 180).
0
Calculate -16 + 1 + 1 + -218 + 231.
-1
What is the value of -20 - 1 - -14 - (-23 - (0 + -1))?
15
What is the value of 4 + -1 + (5 + -4 - 9)?
-5
-24 + (-18 - -24) - -15
-3
(0 - -10) + 16 + -75 + 55
6
What is the value of (4 - (0 + (-1 - -11))) + 2 + 3?
-1
What is 59 - 41 - (3 - -15)?
0
What is (4 - 6) + (-5 - (-5 + 5)) + 4?
-3
What is 10 + (-6 - 0) + 80 + -71?
13
What is -11 - (3 + -13 - -2 - (11 + -12))?
-4
What is (-3 - (12 - 10)) + -2 + -1?
-8
Evaluate (-4 - (2 - 5)) + 6 + (-2 - 0).
3
Evaluate 17 + (-12 + 6 - 7).
4
Evaluate 1 + (-3 - (-4 - -3) - (11 - -9)).
-21
What is 8 - 18 - (-19 - -3)?
6
What is the value of -21 + 0 + (65 - 59)?
-15
What is (-10 + 5 - (3 - -1)) + 3 + 4?
-2
(-4 - -8) + -12 - (-18 - (5 - 16))
-1
Evaluate 13 - (0 + 9 - (17 - 4)).
17
Evaluate 1 + 10 + (5 - (44 + -48)).
20
Evaluate (9 - (-3 + 6)) + -16 + 6 + -6.
-10
What is the value of 6 - (-32 + 60) - -26?
4
Evaluate -1 + 12 + (-1 - 8) + -8.
-6
Calculate -5 + (-17 + 12 + 4 - (1 - 14)).
7
Evaluate -36 + 29 + (0 + -3 + 20 - 2).
8
What is the value of -34 + (0 - (17 - 27)) + 1?
-23
Evaluate -4 + -4 + 80 + -35.
37
Evaluate -11 - (1 + -6) - (10 + -3).
-13
Calculate 2 - 8 - (0 + -27 + -21 + 20).
22
Evaluate -4 + (10 + -11 + 7 - -12).
14
Calculate 14 + (-18 - (-13 + 5)).
4
Calculate 0 + (3 + 0 - (24 - (-16 + 28))).
-9
-7 - (-24 - 6 - -28)
-5
What is the value of 5 + (-6 - (-7 - (-3 - 5)))?
-2
-22 - (5 + -60 - -21)
12
Evaluate 13 + (9 - 17) + (-4 - 10).
-9
What is -2 + (2 + -4 - 0) + 22 + -3?
15
0 + (-3 - (-8 - 3) - 23)
-15
Evaluate (-1 - -32) + 65 + -81 + 3 + 1.
19
12 - ((-7 - (0 + -3)) + 7)
9
-17 - (4 + (-8 - 3)) - -28
18
What is the value of (60 + -64 - -15) + 1 + (0 - 4)?
8
Calculate -13 - ((-1 - 6) + 24 + -20).
-10
Calculate 1 + 14 + (-17 - (5 + -13)).
6
What is (-2 - -5) + 8 + 4 + 2 + -5?
12
What is (108 - 107) + (-2 - (-1 + 1) - -12)?
11
Calculate 28 + (-13 - 13) - -18.
20
What is the value of (33 - (-12 + 34)) + -21?
-10
Calculate 146 + -136 - (-2 - 4).
16
What is the value of (13 - 22) + 19 + -6?
4
Evaluate -17 - (-4 + -3 + 25).
-35
What is 15 + 0 + -138 + 142?
19
-2 + 3 + (14 - 18 - -11)
8
36 - (8 - ((-9 - -13) + -10))
22
Evaluate 8 - 17 - (6 + 1 + -5 + 1).
-12
What is the value of (-1 - (-1 + -6)) + (-102 + 103 - 1)?
6
-12 + 2 + (-2 + -8 + 6 - -6)
-8
(-1 - -11) + (-50 + 24 - -27)
11
Calculate (-11 - (2 - 0)) + 25.
12
What is the value of 28 - (-11 + 34 + -8)?
13
Calculate -1 + (7 - (23 - 7)) + 3.
-7
Calculate 0 + (15 - 4 - -1).
12
What is (2 - (-6 - -7)) + -9 + 1 + -11?
-18
Evaluate 10 + 1 + 0 + 105 + (-18 - 90).
8
What is 12 + 18 - (4 + (5 - (0 - 1)))?
20
What is -2 - -3 - -10 - (-2 + 25 - -23)?
-35
What is (-1 - 6) + (-19 + (12 - -2) - 21)?
-33
9 - (-169 + 175 + -12 + 0 + -2)
17
Evaluate 40 - (-13 + 19 + 27).
7
What is the value of 0 + -2 + -1 - (-8 + (-2 - -14))?
-7
What is (-14 + 5 - -26) + -10?
7
What is 2 + -12 + (11 - 11) + 2?
-8
What is -3 - -21 - (73 - 41)?
-14
12 - ((29 - 14) + 33 - 1)
-35
(0 - -2) + 3 + 3 + -9 + 2
1
(-10 + 1 - -7) + (9 - 2) + 5
10
Calculate -17 + 20 + -10 + -1 + 13.
5
What is 11 + (-6 - (-15 - -11))?
9
6 - (-36 - -35 - (2 - 2) - -3)
4
What is the value of -13 + 4 + -114 + 105?
-18
Calculate (1 - 5 - (196 - 203)) + 18.
21
What is the value of -8 - (-2 - 0) - ((-1 - -7) + -9)?
-3
What is (88 - 3 - 38) + -22?
25
What is -7 - 0 - (0 + 4 + -9 - -1)?
-3
What is 17 - (-19 - -33 - 1)?
4
Calculate 13 + -6 + 9 + -17.
-1
What is the value of -15 + (3 - (7 - -3) - (40 + -48))?
-14
What is (8 - (-2 + 3)) + -2 + 1 + 5?
11
What is the value of -93 + 93 + 8 + -1 - (-4 + 16)?
-5
What is -3 + -34 + 20 + 12 + -14?
-19
Evaluate (46 - (27 - 0)) + -34.
-15
Evaluate -5 + 8 + -20 + -15 + 11.
-21
Evaluate -1522 - -1517 - (1 + -1 - 11).
6
Calculate (-2 - -6) + (1 + 4 - (164 - 164)).
9
Calculate -16 - (-1 + (-7 + -4 - (6 + -14))).
-12
7 - -2 - (-281 + 275)
15
(25 - (-4 - ((-7 - -2) + 0))) + -7
17
What is (6 - 2) + -20 + (3 - -1)?
-12
What is the value of -1 - (-12 - 1) - (6 - 26) - 12?
20
-17 - (-17 - (-10 + (-11 - -12)))
-9
Evaluate -29 + 38 - (1 - 2).
10
-19 + 48 - 34 - 16
-21
Calculate (3 - -3) + (26 - 13) + -20.
-1
What is (-9 - (16 + -61)) + -49?
-13
Calculate -28 + 80 - -18 - 41.
29
Evaluate (-36 - 2) + (-41 - (-7 + -50)).
-22
What is -12 + 0 - (16 - (7 + -12 - -16))?
-17
-11 - (11 + (-28 - -10))
-4